{"id":4236,"date":"2023-10-08T22:27:20","date_gmt":"2023-10-09T01:27:20","guid":{"rendered":"https:\/\/sindilojasbrusque.com.br?page_id=4236"},"modified":"2023-10-31T10:22:08","modified_gmt":"2023-10-31T13:22:08","slug":"informativo-fecomercio","status":"publish","type":"page","link":"https:\/\/sindilojasbrusque.com.br\/?page_id=4236","title":{"rendered":"Informativo Fecom\u00e9rcio"},"content":{"rendered":"\t\t<div data-elementor-type=\"wp-page\" data-elementor-id=\"4236\" class=\"elementor elementor-4236\" data-elementor-post-type=\"page\">\n\t\t\t\t<div class=\"elementor-element elementor-element-c5a4e7f e-flex e-con-boxed e-con e-parent\" data-id=\"c5a4e7f\" data-element_type=\"container\" data-e-type=\"container\">\n\t\t\t\t\t<div class=\"e-con-inner\">\n\t\t<div class=\"elementor-element elementor-element-b08ea73 e-flex e-con-boxed e-con e-child\" data-id=\"b08ea73\" data-element_type=\"container\" data-e-type=\"container\">\n\t\t\t\t\t<div class=\"e-con-inner\">\n\t\t\t\t<div class=\"elementor-element elementor-element-3af6013 elementor-widget elementor-widget-wp-widget-rss\" data-id=\"3af6013\" data-element_type=\"widget\" data-e-type=\"widget\" data-widget_type=\"wp-widget-rss.default\">\n\t\t\t\t<div class=\"elementor-widget-container\">\n\t\t\t\t\t<h5><a class=\"rsswidget rss-widget-feed\" href=\"http:\/\/www.fecomercio-sc.com.br\/feed\/?post_type=news\"><img decoding=\"async\" class=\"rss-widget-icon\" style=\"border:0\" width=\"14\" height=\"14\" src=\"https:\/\/sindilojasbrusque.com.br\/wp-includes\/images\/rss.png\" alt=\"RSS feed: \u00daltimas not\u00edcias\" \/><\/a> <a class=\"rsswidget rss-widget-title\" href=\"https:\/\/www.fecomercio-sc.com.br\/\">\u00daltimas not\u00edcias<\/a><\/h5><ul><li><a class='rsswidget' href='https:\/\/www.fecomercio-sc.com.br\/noticias\/comercio-servicos-e-turismo-fazem-apelo-para-que-pec-do-fim-da-escala-6x1-nao-seja-votada-antes-das-eleicoes'>Com\u00e9rcio, servi\u00e7os e turismo fazem apelo para que PEC da 6\u00d71 n\u00e3o seja votada antes das elei\u00e7\u00f5es<\/a> <span class=\"rss-date\">31 de August de 2026<\/span><div class=\"rssSummary\">A Confedera\u00e7\u00e3o Nacional do Com\u00e9rcio de Bens, Servi\u00e7os e Turismo (CNC), em parceria com a Fecom\u00e9rcio SC e os sindicatos empresariais, lan\u00e7ou uma campanha nacional contra a vota\u00e7\u00e3o, antes das elei\u00e7\u00f5es, da PEC que altera a jornada de trabalho e extingue a escala 6x1. O lema \u00e9: \u201cA conta j\u00e1 est\u00e1 alta demais. Mudan\u00e7a das [&hellip;]<\/div><\/li><li><a class='rsswidget' href='https:\/\/www.fecomercio-sc.com.br\/noticias\/fecomercio-sc-parabeniza-santa-catarina-por-se-tornar-o-estado-mais-competitivo-do-brasil'>Fecom\u00e9rcio SC parabeniza Santa Catarina por se tornar o estado mais competitivo do Brasil<\/a> <span class=\"rss-date\">28 de August de 2026<\/span><div class=\"rssSummary\">A Fecom\u00e9rcio SC parabeniza Santa Catarina pela conquista hist\u00f3rica de se tornar o estado mais competitivo do Brasil, conforme a edi\u00e7\u00e3o mais recente do Ranking de Competitividade dos Estados. Pela primeira vez, o estado alcan\u00e7a a lideran\u00e7a nacional, superando S\u00e3o Paulo e consolidando um ambiente econ\u00f4mico din\u00e2mico, inovador e favor\u00e1vel aos neg\u00f3cios. O resultado reflete [&hellip;]<\/div><\/li><li><a class='rsswidget' href='https:\/\/www.fecomercio-sc.com.br\/noticias\/fecomercio-sc-empossa-nova-diretoria-para-o-mandato-2026-2030'>Fecom\u00e9rcio SC empossa nova diretoria para o mandato 2026-2030<\/a> <span class=\"rss-date\">25 de August de 2026<\/span><div class=\"rssSummary\">A Federa\u00e7\u00e3o do Com\u00e9rcio de Bens, Servi\u00e7os e Turismo de Santa Catarina (Fecom\u00e9rcio SC) realizou, na noite desta segunda-feira (24), a cerim\u00f4nia de posse da nova diretoria para o mandato 2026-2030. O evento ocorreu no Hotel Sesc Cacup\u00e9, em Florian\u00f3polis, reunindo autoridades, lideran\u00e7as empresariais e representantes dos setores do com\u00e9rcio de bens, servi\u00e7os e turismo. [&hellip;]<\/div><\/li><li><a class='rsswidget' href='https:\/\/www.fecomercio-sc.com.br\/noticias\/fecomercio-sc-recebe-comitiva-de-ruanda-e-firma-acordo-de-cooperacao-em-areas-estrategicas'>Fecom\u00e9rcio SC recebe comitiva de Ruanda e firma acordo de coopera\u00e7\u00e3o em \u00e1reas estrat\u00e9gicas<\/a> <span class=\"rss-date\">18 de August de 2026<\/span><div class=\"rssSummary\">Uma comitiva formada por cerca de 40 empres\u00e1rios e autoridades de Ruanda foi recepcionada nesta ter\u00e7a-feira, durante um almo\u00e7o na Grande Florian\u00f3polis. O encontro foi promovido pelo Conselho de Desenvolvimento e Integra\u00e7\u00e3o Sul (Codesul), em parceria com a Fecom\u00e9rcio SC e o Governo do Estado de Santa Catarina, reunindo lideran\u00e7as pol\u00edticas e empresariais com o [&hellip;]<\/div><\/li><li><a class='rsswidget' href='https:\/\/www.fecomercio-sc.com.br\/noticias\/uso-do-pix-avanca-239-em-santa-catarina-no-primeiro-semestre-maior-crescimento-da-regiao-sul'>Uso do Pix avan\u00e7a 23,9% em Santa Catarina no primeiro semestre, maior crescimento da Regi\u00e3o Sul<\/a> <span class=\"rss-date\">18 de August de 2026<\/span><div class=\"rssSummary\">Dados do Banco Central confirmam aquilo que quase todo mundo j\u00e1 percebeu: o Pix caiu no gosto da popula\u00e7\u00e3o. A ferramenta movimentou R$ 735,35 bilh\u00f5es em Santa Catarina no primeiro semestre de 2026, alta de 23,93% em rela\u00e7\u00e3o aos R$ 593,35 bilh\u00f5es registrados no mesmo per\u00edodo de 2025. O avan\u00e7o coloca Santa Catarina na lideran\u00e7a [&hellip;]<\/div><\/li><li><a class='rsswidget' href='https:\/\/www.fecomercio-sc.com.br\/noticias\/comercio-e-servicos-de-santa-catarina-crescem-em-2026-com-varejo-em-ritmo-mais-forte'>Com\u00e9rcio e servi\u00e7os de Santa Catarina crescem em 2026, com varejo em ritmo mais forte<\/a> <span class=\"rss-date\">14 de August de 2026<\/span><div class=\"rssSummary\">Os resultados mais recentes das Pesquisas Mensais do Com\u00e9rcio (PMC) e de Servi\u00e7os (PMS), elaboradas pelo IBGE, mostram que com\u00e9rcio e servi\u00e7os de Santa Catarina seguem em trajet\u00f3ria de crescimento em 2026. O com\u00e9rcio apresenta o desempenho mais forte, com avan\u00e7o de 4,9% no acumulado em 12 meses, mais de tr\u00eas vezes o crescimento registrado [&hellip;]<\/div><\/li><li><a class='rsswidget' href='https:\/\/www.fecomercio-sc.com.br\/noticias\/fecomercio-sc-debate-pautas-estrategicas-para-o-turismo-durante-o-encatho-exprotel-2026'>Fecom\u00e9rcio SC debate pautas estrat\u00e9gicas para o turismo durante o Encatho &amp; Exprotel 2026<\/a> <span class=\"rss-date\">13 de August de 2026<\/span><div class=\"rssSummary\">A Fecom\u00e9rcio SC promoveu mais uma reuni\u00e3o da sua C\u00e2mara Empresarial de Turismo durante o Encatho &amp; Exprotel 2026, um dos principais eventos do setor hoteleiro do Sul do Brasil. O encontro reuniu lideran\u00e7as, especialistas e representantes do poder p\u00fablico para discutir pautas estrat\u00e9gicas para o desenvolvimento do turismo em Santa Catarina. Entre os participantes [&hellip;]<\/div><\/li><li><a class='rsswidget' href='https:\/\/www.fecomercio-sc.com.br\/noticias\/sesao-solene-na-alesc-homenageia-os-78-anos-da-fecomercio-sc-e-os-80-anos-do-sesc-e-do-senac'>Sess\u00e3o solene na Alesc homenageia os 78 anos da Fecom\u00e9rcio SC e os 80 anos do Sesc e do Senac<\/a> <span class=\"rss-date\">11 de August de 2026<\/span><div class=\"rssSummary\">A Assembleia Legislativa de Santa Catarina (Alesc) realizou, nesta segunda-feira (10), uma sess\u00e3o solene para celebrar os 78 anos da Federa\u00e7\u00e3o do Com\u00e9rcio de Bens, Servi\u00e7os e Turismo de Santa Catarina (Fecom\u00e9rcio SC) e os 80 anos do Servi\u00e7o Social do Com\u00e9rcio (Sesc) e do Servi\u00e7o Nacional de Aprendizagem Comercial (Senac). A cerim\u00f4nia destacou a [&hellip;]<\/div><\/li><li><a class='rsswidget' href='https:\/\/www.fecomercio-sc.com.br\/noticias\/inadimplencia-recua-em-santa-catarina-e-se-aproxima-de-media-historica'>Inadimpl\u00eancia recua em Santa Catarina e se aproxima de m\u00e9dia hist\u00f3rica<\/a> <span class=\"rss-date\">7 de August de 2026<\/span><div class=\"rssSummary\">Em julho de 2026, a inadimpl\u00eancia das fam\u00edlias catarinenses caiu para 23,6%, frente aos 25,4% registrados em junho, representando uma redu\u00e7\u00e3o de 1,8 ponto percentual. Na compara\u00e7\u00e3o com o mesmo per\u00edodo do ano passado, o recuo foi ainda mais expressivo, de 5 pontos percentuais, mantendo o estado em patamar significativamente inferior ao \u00edndice nacional, de [&hellip;]<\/div><\/li><li><a class='rsswidget' href='https:\/\/www.fecomercio-sc.com.br\/noticias\/setor-de-servicos-lidera-geracao-de-empregos-em-santa-catarina-no-1o-semestre'>Setor de servi\u00e7os lidera gera\u00e7\u00e3o de empregos em Santa Catarina no 1\u00ba semestre<\/a> <span class=\"rss-date\">3 de August de 2026<\/span><div class=\"rssSummary\">O setor de servi\u00e7os foi o principal respons\u00e1vel pela gera\u00e7\u00e3o de empregos formais em Santa Catarina no primeiro semestre de 2026, consolidando-se como o grande motor do mercado de trabalho no estado. De acordo com dados do Cadastro Geral de Empregados e Desempregados (Caged), o segmento respondeu por 26,6 mil vagas, desempenho superior ao registrado [&hellip;]<\/div><\/li><\/ul>\t\t\t\t<\/div>\n\t\t\t\t<\/div>\n\t\t\t\t\t<\/div>\n\t\t\t\t<\/div>\n\t\t\t\t\t<\/div>\n\t\t\t\t<\/div>\n\t\t\t\t<\/div>\n\t\t","protected":false},"excerpt":{"rendered":"","protected":false},"author":1,"featured_media":0,"parent":0,"menu_order":0,"comment_status":"closed","ping_status":"closed","template":"","meta":{"footnotes":""},"class_list":["post-4236","page","type-page","status-publish","hentry"],"_links":{"self":[{"href":"https:\/\/sindilojasbrusque.com.br\/index.php?rest_route=\/wp\/v2\/pages\/4236","targetHints":{"allow":["GET"]}}],"collection":[{"href":"https:\/\/sindilojasbrusque.com.br\/index.php?rest_route=\/wp\/v2\/pages"}],"about":[{"href":"https:\/\/sindilojasbrusque.com.br\/index.php?rest_route=\/wp\/v2\/types\/page"}],"author":[{"embeddable":true,"href":"https:\/\/sindilojasbrusque.com.br\/index.php?rest_route=\/wp\/v2\/users\/1"}],"replies":[{"embeddable":true,"href":"https:\/\/sindilojasbrusque.com.br\/index.php?rest_route=%2Fwp%2Fv2%2Fcomments&post=4236"}],"version-history":[{"count":28,"href":"https:\/\/sindilojasbrusque.com.br\/index.php?rest_route=\/wp\/v2\/pages\/4236\/revisions"}],"predecessor-version":[{"id":4600,"href":"https:\/\/sindilojasbrusque.com.br\/index.php?rest_route=\/wp\/v2\/pages\/4236\/revisions\/4600"}],"wp:attachment":[{"href":"https:\/\/sindilojasbrusque.com.br\/index.php?rest_route=%2Fwp%2Fv2%2Fmedia&parent=4236"}],"curies":[{"name":"wp","href":"https:\/\/api.w.org\/{rel}","templated":true}]}}

Informativo Fecomércio

<div data-elementor-type="wp-page" data-elementor-id="4236" class="elementor elementor-4236" data-elementor-post-type="page">
				<div class="elementor-element elementor-element-c5a4e7f e-flex e-con-boxed e-con e-parent" data-id="c5a4e7f" data-element_type="container" data-e-type="container">
					<div class="e-con-inner">
		<div class="elementor-element elementor-element-b08ea73 e-flex e-con-boxed e-con e-child" data-id="b08ea73" data-element_type="container" data-e-type="container">
					<div class="e-con-inner">
				<div class="elementor-element elementor-element-3af6013 elementor-widget elementor-widget-wp-widget-rss" data-id="3af6013" data-element_type="widget" data-e-type="widget" data-widget_type="wp-widget-rss.default">
				<div class="elementor-widget-container">
					<h5><a class="rsswidget rss-widget-feed" href="http://www.fecomercio-sc.com.br/feed/?post_type=news"><img decoding="async" class="rss-widget-icon" style="border:0" width="14" height="14" src="https://sindilojasbrusque.com.br/wp-includes/images/rss.png" alt="RSS feed: Últimas notícias" /></a> <a class="rsswidget rss-widget-title" href="https://www.fecomercio-sc.com.br/">Últimas notícias</a></h5><ul><li><a class='rsswidget' href='https://www.fecomercio-sc.com.br/noticias/comercio-servicos-e-turismo-fazem-apelo-para-que-pec-do-fim-da-escala-6x1-nao-seja-votada-antes-das-eleicoes'>Comércio, serviços e turismo fazem apelo para que PEC da 6×1 não seja votada antes das eleições</a> <span class="rss-date">31 de August de 2026</span><div class="rssSummary">A Confederação Nacional do Comércio de Bens, Serviços e Turismo (CNC), em parceria com a Fecomércio SC e os sindicatos empresariais, lançou uma campanha nacional contra a votação, antes das eleições, da PEC que altera a jornada de trabalho e extingue a escala 6x1. O lema é: “A conta já está alta demais. Mudança das [&hellip;]</div></li><li><a class='rsswidget' href='https://www.fecomercio-sc.com.br/noticias/fecomercio-sc-parabeniza-santa-catarina-por-se-tornar-o-estado-mais-competitivo-do-brasil'>Fecomércio SC parabeniza Santa Catarina por se tornar o estado mais competitivo do Brasil</a> <span class="rss-date">28 de August de 2026</span><div class="rssSummary">A Fecomércio SC parabeniza Santa Catarina pela conquista histórica de se tornar o estado mais competitivo do Brasil, conforme a edição mais recente do Ranking de Competitividade dos Estados. Pela primeira vez, o estado alcança a liderança nacional, superando São Paulo e consolidando um ambiente econômico dinâmico, inovador e favorável aos negócios. O resultado reflete [&hellip;]</div></li><li><a class='rsswidget' href='https://www.fecomercio-sc.com.br/noticias/fecomercio-sc-empossa-nova-diretoria-para-o-mandato-2026-2030'>Fecomércio SC empossa nova diretoria para o mandato 2026-2030</a> <span class="rss-date">25 de August de 2026</span><div class="rssSummary">A Federação do Comércio de Bens, Serviços e Turismo de Santa Catarina (Fecomércio SC) realizou, na noite desta segunda-feira (24), a cerimônia de posse da nova diretoria para o mandato 2026-2030. O evento ocorreu no Hotel Sesc Cacupé, em Florianópolis, reunindo autoridades, lideranças empresariais e representantes dos setores do comércio de bens, serviços e turismo. [&hellip;]</div></li><li><a class='rsswidget' href='https://www.fecomercio-sc.com.br/noticias/fecomercio-sc-recebe-comitiva-de-ruanda-e-firma-acordo-de-cooperacao-em-areas-estrategicas'>Fecomércio SC recebe comitiva de Ruanda e firma acordo de cooperação em áreas estratégicas</a> <span class="rss-date">18 de August de 2026</span><div class="rssSummary">Uma comitiva formada por cerca de 40 empresários e autoridades de Ruanda foi recepcionada nesta terça-feira, durante um almoço na Grande Florianópolis. O encontro foi promovido pelo Conselho de Desenvolvimento e Integração Sul (Codesul), em parceria com a Fecomércio SC e o Governo do Estado de Santa Catarina, reunindo lideranças políticas e empresariais com o [&hellip;]</div></li><li><a class='rsswidget' href='https://www.fecomercio-sc.com.br/noticias/uso-do-pix-avanca-239-em-santa-catarina-no-primeiro-semestre-maior-crescimento-da-regiao-sul'>Uso do Pix avança 23,9% em Santa Catarina no primeiro semestre, maior crescimento da Região Sul</a> <span class="rss-date">18 de August de 2026</span><div class="rssSummary">Dados do Banco Central confirmam aquilo que quase todo mundo já percebeu: o Pix caiu no gosto da população. A ferramenta movimentou R$ 735,35 bilhões em Santa Catarina no primeiro semestre de 2026, alta de 23,93% em relação aos R$ 593,35 bilhões registrados no mesmo período de 2025. O avanço coloca Santa Catarina na liderança [&hellip;]</div></li><li><a class='rsswidget' href='https://www.fecomercio-sc.com.br/noticias/comercio-e-servicos-de-santa-catarina-crescem-em-2026-com-varejo-em-ritmo-mais-forte'>Comércio e serviços de Santa Catarina crescem em 2026, com varejo em ritmo mais forte</a> <span class="rss-date">14 de August de 2026</span><div class="rssSummary">Os resultados mais recentes das Pesquisas Mensais do Comércio (PMC) e de Serviços (PMS), elaboradas pelo IBGE, mostram que comércio e serviços de Santa Catarina seguem em trajetória de crescimento em 2026. O comércio apresenta o desempenho mais forte, com avanço de 4,9% no acumulado em 12 meses, mais de três vezes o crescimento registrado [&hellip;]</div></li><li><a class='rsswidget' href='https://www.fecomercio-sc.com.br/noticias/fecomercio-sc-debate-pautas-estrategicas-para-o-turismo-durante-o-encatho-exprotel-2026'>Fecomércio SC debate pautas estratégicas para o turismo durante o Encatho &amp; Exprotel 2026</a> <span class="rss-date">13 de August de 2026</span><div class="rssSummary">A Fecomércio SC promoveu mais uma reunião da sua Câmara Empresarial de Turismo durante o Encatho &amp; Exprotel 2026, um dos principais eventos do setor hoteleiro do Sul do Brasil. O encontro reuniu lideranças, especialistas e representantes do poder público para discutir pautas estratégicas para o desenvolvimento do turismo em Santa Catarina. Entre os participantes [&hellip;]</div></li><li><a class='rsswidget' href='https://www.fecomercio-sc.com.br/noticias/sesao-solene-na-alesc-homenageia-os-78-anos-da-fecomercio-sc-e-os-80-anos-do-sesc-e-do-senac'>Sessão solene na Alesc homenageia os 78 anos da Fecomércio SC e os 80 anos do Sesc e do Senac</a> <span class="rss-date">11 de August de 2026</span><div class="rssSummary">A Assembleia Legislativa de Santa Catarina (Alesc) realizou, nesta segunda-feira (10), uma sessão solene para celebrar os 78 anos da Federação do Comércio de Bens, Serviços e Turismo de Santa Catarina (Fecomércio SC) e os 80 anos do Serviço Social do Comércio (Sesc) e do Serviço Nacional de Aprendizagem Comercial (Senac). A cerimônia destacou a [&hellip;]</div></li><li><a class='rsswidget' href='https://www.fecomercio-sc.com.br/noticias/inadimplencia-recua-em-santa-catarina-e-se-aproxima-de-media-historica'>Inadimplência recua em Santa Catarina e se aproxima de média histórica</a> <span class="rss-date">7 de August de 2026</span><div class="rssSummary">Em julho de 2026, a inadimplência das famílias catarinenses caiu para 23,6%, frente aos 25,4% registrados em junho, representando uma redução de 1,8 ponto percentual. Na comparação com o mesmo período do ano passado, o recuo foi ainda mais expressivo, de 5 pontos percentuais, mantendo o estado em patamar significativamente inferior ao índice nacional, de [&hellip;]</div></li><li><a class='rsswidget' href='https://www.fecomercio-sc.com.br/noticias/setor-de-servicos-lidera-geracao-de-empregos-em-santa-catarina-no-1o-semestre'>Setor de serviços lidera geração de empregos em Santa Catarina no 1º semestre</a> <span class="rss-date">3 de August de 2026</span><div class="rssSummary">O setor de serviços foi o principal responsável pela geração de empregos formais em Santa Catarina no primeiro semestre de 2026, consolidando-se como o grande motor do mercado de trabalho no estado. De acordo com dados do Cadastro Geral de Empregados e Desempregados (Caged), o segmento respondeu por 26,6 mil vagas, desempenho superior ao registrado [&hellip;]</div></li></ul>				</div>
				</div>
					</div>
				</div>
					</div>
				</div>
				</div>
